{"id":72,"date":"2024-12-20T14:37:24","date_gmt":"2024-12-20T14:37:24","guid":{"rendered":"https:\/\/ersemihotokiralama.com\/?page_id=72"},"modified":"2024-12-20T20:13:51","modified_gmt":"2024-12-20T20:13:51","slug":"kiralama-kosullari","status":"publish","type":"page","link":"https:\/\/ersemihotokiralama.com\/index.php\/kiralama-kosullari\/","title":{"rendered":"Kiralama ko\u015fullar\u0131"},"content":{"rendered":"\t\t<div data-elementor-type=\"wp-page\" data-elementor-id=\"72\" class=\"elementor elementor-72\">\n\t\t\t\t<div class=\"elementor-element elementor-element-c675d9c e-flex e-con-boxed wpr-particle-no wpr-jarallax-no wpr-parallax-no wpr-sticky-section-no e-con e-parent\" data-id=\"c675d9c\" data-element_type=\"container\">\n\t\t\t\t\t<div class=\"e-con-inner\">\n\t\t\t\t<div class=\"elementor-element elementor-element-2710061 elementor-widget elementor-widget-text-editor\" data-id=\"2710061\" data-element_type=\"widget\" data-widget_type=\"text-editor.default\">\n\t\t\t\t<div class=\"elementor-widget-container\">\n\t\t\t\t\t\t\t\t\t<h1>Kiralama Ko\u015fullar\u0131<\/h1>\n<p><strong>Er Semih Oto Kiralama olarak bizden ara\u00e7 kiralama yapabilmek i\u00e7in kirac\u0131lar\u0131m\u0131z\u0131n,<\/strong><\/p>\n<ul>\n<li>Minimum 21 ya\u015f\u0131n\u0131 doldurmu\u015f olmas\u0131,\u00a0<\/li>\n<li>En az 2 y\u0131ll\u0131k ehliyet sahibi olmas\u0131 (Latin alfabeli olmayan ehliyetlerde, kirac\u0131n\u0131n kendi ehliyetinin yan\u0131nda uluslararas\u0131 ehliyet ibraz\u0131 zorunludur.)<\/li>\n<li>Kendi ad\u0131na ge\u00e7erli ( en az 6 ayl\u0131k kullan\u0131lmas\u0131 kayd\u0131yla) kredi kart\u0131na sahip olmas\u0131 gerekmektedir.<\/li>\n<li>Ara\u00e7 gruplar\u0131na g\u00f6re yeterli finansal sorgu kriterlerine sahip olmak gerekmektedir.<\/li>\n<\/ul>\n<p>Ara\u00e7 kiralama s\u00fcreleri 24 saatlik s\u00fcre \u00fczerinden hesaplanmaktad\u0131r. Kirac\u0131lar\u0131m\u0131za 24 saatin sonunda 2 saatlik opsiyon sa\u011flanmaktad\u0131r. 2 saate kadar olacak gecikmelerde ek bir \u00fccret yans\u0131t\u0131lmamaktad\u0131r. Ancak, 2 saati a\u015fan gecikmelerde tam kiralama g\u00fcn \u00fccreti olas\u0131 di\u011fer ek hizmetlerle ( koruma paketi, \u00e7ocuk koltu\u011fu, ek s\u00fcr\u00fcc\u00fc v.b.) birlikte yans\u0131t\u0131l\u0131r. Kiralama \u00fccretine muafiyetsiz koruma paketi, KDV ve 500 km\/g\u00fcnl\u00fck s\u0131n\u0131rl\u0131 km kullan\u0131m\u0131 dahildir.<\/p>\n<p>Ara\u00e7 kullan\u0131m km limitleri ekonomik, orta ve \u00fcst grup ara\u00e7larda 7 g\u00fcne kadar g\u00fcnl\u00fck 500 km, 8-30 g\u00fcn aras\u0131nda toplam 4000 km ve 30 g\u00fcn \u00fczerindeki her g\u00fcn i\u00e7in g\u00fcnl\u00fck 100 km, Premium grup ara\u00e7larda ise 7 g\u00fcne kadar g\u00fcnl\u00fck 400 km ve 8-30 g\u00fcn aras\u0131nda toplam 3000 km, 30 g\u00fcn \u00fczerindeki her g\u00fcn i\u00e7in g\u00fcnl\u00fck 80 km, Minib\u00fcs s\u0131n\u0131f\u0131ndaki ara\u00e7lar i\u00e7in ise 7 g\u00fcne kadar g\u00fcnl\u00fck 500 km, 8-30 g\u00fcn aras\u0131nda 3500 km ve 30 g\u00fcn \u00fczerindeki her g\u00fcn i\u00e7in g\u00fcnl\u00fck 80 km\u00a0 ile s\u0131n\u0131rland\u0131r\u0131lm\u0131\u015ft\u0131r. Kira s\u00fcresi i\u00e7inde ayl\u0131k km limitlerine ula\u015fmas\u0131 halinde hi\u00e7bir ihbar ve ihtara gerek kalmaks\u0131z\u0131n s\u00f6zle\u015fme kendili\u011finden sona erecektir. Kirac\u0131, ayl\u0131k km s\u0131n\u0131rlar\u0131n\u0131n s\u00f6zle\u015fmede belirlenen s\u00fcreden \u00f6nce dolmas\u0131 durumunda arac\u0131 derhal Er Semih Oto Kiralama\u2019ya\u00a0 iade edece\u011fini ve ara\u00e7 i\u00e7in belirlenen kiralama s\u00fcresinin sonuna kadar i\u015fleyecek t\u00fcm kira bedelini Er Semih Oto Kiralama\u2019ya \u00f6deyece\u011fini pe\u015finen kabul, beyan ve taahh\u00fct eder. Bu maddede belirtilen 1 ay 30 g\u00fcn \u00fczerinden de\u011ferlendirilir. Kilometre s\u0131n\u0131r\u0131n\u0131n dolmas\u0131 ile arac\u0131n Er Semih Oto Kiralama\u2019ya teslimi aras\u0131nda ge\u00e7ecek s\u00fcrede s\u0131n\u0131r\u0131 a\u015fan her km i\u00e7in 3,5 TL+KDV \u00fczerinden hesaplanacak km a\u015f\u0131m bedeli kirac\u0131 taraf\u0131ndan \u00f6denecektir. Bu km a\u015f\u0131m\u0131 nedeniyle do\u011facak bak\u0131m giderlerini de \u00f6deyece\u011fini kirac\u0131 kabul, beyan ve taahh\u00fct eder. Kilometre s\u0131n\u0131r\u0131 kontrat ba\u015f\u0131na de\u011fil, kirac\u0131 baz\u0131nda de\u011ferlendirilir.<br \/><br \/>Ara\u00e7lar\u0131m\u0131zda adil yak\u0131t politikas\u0131 izlenmektedir. Buna g\u00f6re kirac\u0131 arac\u0131n yak\u0131t\u0131n\u0131 ald\u0131\u011f\u0131 seviyede teslim etmekle y\u00fck\u00fcml\u00fcd\u00fcr. Ara\u00e7 dolu depo teslim edilmesine ra\u011fmen eksik yak\u0131tla iade edildi\u011fi taktirde,\u00a0eksik kalan akaryak\u0131t bedelinin en az %30&#8217;u oran\u0131nda hizmet bedeli ile birlikte akaryak\u0131t tutarlar\u0131n\u0131 \u00f6demekle y\u00fck\u00fcml\u00fcd\u00fcr.<\/p>\n<p>Yurtd\u0131\u015f\u0131 ikametli ve pasaportlu kirac\u0131lar\u0131m\u0131z, \u00fclkeye giri\u015f yapt\u0131\u011f\u0131n\u0131 g\u00f6sterir resmi makamlarca m\u00fch\u00fcrl\u00fc pasaportlar\u0131n\u0131 ibraz etmesi halinde herhangi bir km s\u0131n\u0131r\u0131 ve kredi kart\u0131 zorunlulu\u011funa tabi de\u011fillerdir. Pasaportlu i\u015flemlerde son giri\u015f m\u00fch\u00fcr tarihi 6 ay\u0131 ge\u00e7memesi gereklidir.\u00a0<\/p>\n<p>Kiralanan ara\u00e7lar yaln\u0131zca T\u00fcrkiye s\u0131n\u0131rlar\u0131 i\u00e7erisinde kullan\u0131labilir. Yurtd\u0131\u015f\u0131na ge\u00e7i\u015f izni yoktur.<\/p>\n<p>Ara\u00e7lar\u0131n kirac\u0131ya teslimat\u0131 Er Semih Oto Kiralama \u015fubelerinde yap\u0131lmaktad\u0131r. Terminal d\u0131\u015f\u0131nda yer alan ofislerden yap\u0131lan kiralamalarda misafir, terminalde valeler taraf\u0131ndan kar\u015f\u0131lanarak ofise getirilir ve ofiste ara\u00e7 teslimat\u0131 yap\u0131l\u0131r.\u00a0<br \/><br \/>Kirac\u0131lar\u0131m\u0131z, kiralad\u0131klar\u0131 arac\u0131, al\u0131\u015f ofisinden farkl\u0131 olarak Er Semih Oto Kiralamaofislerinin bulundu\u011fu farkl\u0131 ofise \u00e7al\u0131\u015fma saatleri i\u00e7erisinde teslim edebilir. Ancak, arac\u0131n al\u0131\u015f ofisinden farkl\u0131 bir lokasyona b\u0131rak\u0131lmas\u0131 halinde al\u0131\u015f ve b\u0131rak\u0131\u015f ofislerine ba\u011fl\u0131 olarak ek, tek y\u00f6n kiralama \u00fccreti ortaya \u00e7\u0131kmaktad\u0131r.<\/p>\n<p>Kiralama s\u0131ras\u0131nda kirac\u0131lar\u0131m\u0131zdan ara\u00e7 gruplar\u0131na ba\u011fl\u0131 olarak ayr\u0131ca bloke al\u0131nmaktad\u0131r. Al\u0131nan blokeler kiralama sonras\u0131nda, olas\u0131 ek hizmet \u00f6demesi kontrol edildikten sonra 10 i\u015f g\u00fcn\u00fc i\u00e7erisinde iade edilmektedir.<\/p>\n<p>Kirac\u0131lar\u0131m\u0131z gen\u00e7 s\u00fcr\u00fcc\u00fc paketi kullanarak \u00fcst s\u0131n\u0131fa kadar ara\u00e7 kiralama imkan\u0131 sa\u011flayabilir. Gen\u00e7 s\u00fcr\u00fcc\u00fc paketi g\u00fcnl\u00fck ilave \u00fccret kar\u015f\u0131l\u0131\u011f\u0131nda verilmektedir.<br \/><br \/>Yap\u0131lan rezervasyonlar genel kiralama ko\u015fullar\u0131n\u0131n sa\u011flanmas\u0131 halinde teslim edilmektedir. Genel kiralama ko\u015fullar\u0131n\u0131n yerine getirilememesi halinde rezerve edilen ara\u00e7 teslim edilemez. Rezervasyonlar ara\u00e7 grubu garanti edilerek yap\u0131lmaktad\u0131r. Marka, model veya renk garantisi verilmemektedir.<\/p>\n<p>Online yap\u0131lan rezervasyonlarda al\u0131nan \u00f6demeler, rezervasyon iptali halinde t\u00fcm\u00fcyle iade edilmektedir.<\/p>\n<p>Rezervasyon veya kiralama uzatma talepleri Er Semih Oto Kiralama ofislerinin verece\u011fi onayla ger\u00e7ekle\u015fir. Onay al\u0131nmayan uzatmalar i\u00e7in kiralama \u00fccreti uzatma yap\u0131lan her g\u00fcn i\u00e7in kiralama bedelinin %100 art\u0131r\u0131m\u0131yla \u00fccretlendirilmektedir.<\/p>\n<p>Kiralanan ara\u00e7lar\u0131n erken teslimi halinde son 3 g\u00fcn\u00fcn iadesi yap\u0131lmamaktad\u0131r.<\/p>\n<p>Rezervasyonla ilgili de\u011fi\u015fiklik taleplerinizi do\u011frudan rezervasyon yapt\u0131\u011f\u0131n\u0131z kanal \u00fczerinden iletmeniz gerekmektedir. Olas\u0131 t\u00fcm rezervasyon de\u011fi\u015fikli\u011fi ya da sorular\u0131 i\u00e7in <strong>info@ersemihotokiralama.com<\/strong> veya <strong>+90 534 694 58 06<\/strong> \u00e7a\u011fr\u0131 merkezi numaram\u0131zdan bize ula\u015fabilirsiniz.<\/p>\n<p>Kiralama s\u00fcresinde ortaya \u00e7\u0131kabilecek trafik cezalar\u0131, herhangi bir kurumun verdi\u011fi cezalar, HGS-OGS otoyol kullan\u0131m \u00fccretleri, ek hizmetler (k\u0131\u015f lasti\u011fi,ek s\u00fcr\u00fcc\u00fc, \u00e7ocuk koltu\u011fu v.b.) kirac\u0131lar\u0131n \u00f6deme sorumlulu\u011fundad\u0131r. HGS \u00fccretlerinin kiralama s\u00fcresi i\u00e7erisinde yap\u0131lan kullan\u0131m\u0131, %20\u00a0KDV eklenerek hesaplanmaktad\u0131r. <br \/>Arac\u0131n d\u0131\u015f ve i\u00e7 taraf\u0131nda standart ara\u00e7 temizleme i\u015flemiyle giderilemeyecek derecede \u00e7\u00f6p, kir vs. bulunmas\u0131 halinde arac\u0131n detayl\u0131 temizlik bedeli kirac\u0131ya yans\u0131t\u0131l\u0131r.<\/p>\n<p>Kiralanan ara\u00e7lar kirac\u0131dan ba\u015fkas\u0131 taraf\u0131ndan kullan\u0131lamaz. Ancak, ek s\u00fcr\u00fcc\u00fc ilave edilerek arac\u0131n tan\u0131mlanan ki\u015fi taraf\u0131ndan da kullan\u0131m\u0131na imkan verilebilir. Ek s\u00fcr\u00fcc\u00fc ve kirac\u0131dan ba\u015fka bir ki\u015finin arac\u0131 kullanmas\u0131 halinde ortaya \u00e7\u0131kabilecek t\u00fcm hasar v.b. i\u015flemlerden do\u011frudan ve t\u00fcm\u00fcyle kirac\u0131 sorumludur. Herhangi bir koruma paketi al\u0131nsa bile ge\u00e7ersizdir.<\/p>\n<p><strong><br \/><br \/>Kiralanan ara\u00e7 a\u015fa\u011f\u0131daki a\u00e7\u0131klanan \u015fekillerde kullan\u0131lamaz:\u00a0<\/strong><\/p>\n<ul>\n<li>A\u00e7\u0131k veya gizli bir gelir kar\u015f\u0131l\u0131\u011f\u0131nda yolcu veya mal ta\u015f\u0131nmas\u0131nda,\u00a0<\/li>\n<li>Herhangi bir vas\u0131ta ya da treyleri itmekte veya \u00e7ekmekte,\u00a0<\/li>\n<li>G\u00fcmr\u00fck mevzuat\u0131na ve di\u011fer kanunlara ayk\u0131r\u0131 maddelerin ta\u015f\u0131nmas\u0131nda veya di\u011fer gayri kanuni i\u015flerde,\u00a0<\/li>\n<li>Alkol veya uyu\u015fturucu madde alm\u0131\u015f bir ki\u015fi veya ek s\u00fcr\u00fcc\u00fc olarak belirtilmeyen bir s\u00fcr\u00fcc\u00fc taraf\u0131ndan,\u00a0<\/li>\n<li>Motorlu sporlarda (yar\u0131\u015f, s\u00fcrat tayini, ralli, sa\u011flaml\u0131k ve h\u0131z denemeleri dahil),\u00a0<\/li>\n<li>Vas\u0131taya zarar verecek \u015fekilde ve y\u00fckleme haddini a\u015facak y\u00fck\/ e\u015fya ta\u015f\u0131nmas\u0131nda,\u00a0<\/li>\n<li>Vas\u0131talar\u0131n marka ve modelini dikkate alarak kiralama amac\u0131na uygun olmayan \u015fekilde yer ve \u015fartlarda (arazi, da\u011fl\u0131k arazi, kum, batakl\u0131k, dere yata\u011f\u0131 vs. gibi) ve ama\u00e7lar\u0131 d\u0131\u015f\u0131nda teknik yap\u0131lar\u0131na ve tahamm\u00fcl g\u00fc\u00e7lerine uygun olmayan yer ve yollarda, k\u0131saca ola\u011fan d\u0131\u015f\u0131 ve trafik ko\u015fullar\u0131na uygun olmayan yol \u015fartlar\u0131nda.<\/li>\n<\/ul>\n<p><strong><br \/>A\u015fa\u011f\u0131daki durumlar\u0131n herhangi birinde kirac\u0131lar\u0131m\u0131z trafik polisi veya jandarma birimlerinden destek almal\u0131lar:<\/strong><\/p>\n<ul>\n<li>\u00c7ift tarafl\u0131 kazalarda taraf\u0131n\/taraflar\u0131n ehliyet, ruhsat ve trafik sigorta poli\u00e7elerinin fotokopisini veya okunakl\u0131 g\u00f6rselini almak,<\/li>\n<li>S\u00fcr\u00fcc\u00fcde ya\u015f k\u00fc\u00e7\u00fckl\u00fc\u011f\u00fc varsa,<\/li>\n<li>Olay yeri kazan\u0131n \u015fekli ve bulundu\u011fu yeri ara\u00e7 plakas\u0131 g\u00f6r\u00fcnecek \u015fekilde birden fazla g\u00f6rselini edinmek,<\/li>\n<li>Yeterli g\u00fcvenlik \u00f6nlemi almadan arac\u0131 terk etmemek,<\/li>\n<li>S\u00fcr\u00fcc\u00fcde ak\u0131l sa\u011fl\u0131\u011f\u0131 ve alkol \u015f\u00fcphesi varsa,<\/li>\n<li>S\u00fcr\u00fcc\u00fc belgesiz motorlu ara\u00e7 kullan\u0131yorsa,<\/li>\n<li>Kazaya kar\u0131\u015fan ara\u00e7lardan biri resmi plakal\u0131 ise,<\/li>\n<li>Kamuya ait e\u015fyada zarar meydana geldiyse,<\/li>\n<li>Kazada sadece 3. Ki\u015filere ait e\u015fyalara zarar gelirse,<\/li>\n<li>Kazaya kar\u0131\u015fan ara\u00e7lardan birinin Trafik sigortas\u0131 yok ise,<\/li>\n<li>Trafik kazas\u0131 \u00f6l\u00fcm ya da yaralanma ile sonu\u00e7lanm\u0131\u015fsa,<\/li>\n<li>Kaza olu\u015funda kar\u015f\u0131 s\u00fcr\u00fcc\u00fcyle anla\u015famaman\u0131z halinde<\/li>\n<\/ul>\n<p>Er Semih Oto Kiralama\u2019dan kiralanan ara\u00e7lar muafiyetsiz korumal\u0131 olarak teslim edilmektedir. Muafiyetsiz koruma paketi, kiralama s\u00fcresi i\u00e7erisinde ara\u00e7ta meydana gelebilecek olas\u0131 kaza ya da hasar\u0131n tamam\u0131yla kullan\u0131c\u0131 taraf\u0131ndan \u00f6denmesini tan\u0131mlamaktad\u0131r.<\/p>\n<p><strong>Kirac\u0131, Er Semih Oto Kiralama\u2019dan a\u015fa\u011f\u0131daki koruma paketlerini alarak olas\u0131 kaza ya da hasar durumunda olu\u015facak ek \u00fccret i\u00e7in muafiyet sa\u011flayabilir:<\/strong><\/p>\n<p><strong>Mini Koruma Paketi :<\/strong> Mini Koruma Paketi ile kiralama s\u00fcresi boyunca ara\u00e7ta olu\u015fabilecek hasarlarda tutanak veya polis raporu olmamas\u0131 durumunda, hasar bedeli kirac\u0131dan talep edilir. Paket; h\u0131rs\u0131zl\u0131k korumas\u0131, ikame ara\u00e7 hakk\u0131, 7\/24 yol yard\u0131m,\u00a0 lastik, cam ve far hasarlar\u0131n\u0131 kapsar.<\/p>\n<ul>\n<li><strong>Kapsaml\u0131 Koruma Paketi; <\/strong>Kiralama s\u00fcresi boyunca ara\u00e7ta olu\u015fabilecek hasarlar\u0131 17.000 TL&#8217;ye kadar kar\u015f\u0131lar. 17.000 TL&#8217;yi a\u015fan hasarlarda tutanak veya polis raporu gereklidir; bu belgeler sa\u011flanamazsa, hasar bedeli kirac\u0131dan talep edilir. Paket; h\u0131rs\u0131zl\u0131k korumas\u0131, ikame ara\u00e7 hakk\u0131, 7\/24 yol yard\u0131m,\u00a0 lastik, cam ve far hasarlar\u0131n\u0131 (yaln\u0131zca birini) kapsar.<\/li>\n<li>\u00a0<\/li>\n<\/ul>\n<ul>\n<li><strong>\u00dcst D\u00fczey Koruma Paketi; <\/strong>Kiralama s\u00fcresi boyunca ara\u00e7ta olu\u015fabilecek hasarlar\u0131 26.000 TL&#8217;ye kadar kar\u015f\u0131lar. 26.000 TL&#8217;yi a\u015fan hasarlarda tutanak veya polis raporu gereklidir; bu belgeler sa\u011flanamazsa, hasar bedeli kirac\u0131dan talep edilir. Paket; h\u0131rs\u0131zl\u0131k korumas\u0131, ikame ara\u00e7 hakk\u0131, 7\/24 yol yard\u0131m, ferdi kaza g\u00fcvencesi, i\u00e7 aksam koruma, ihtiyari mali mesuliyet sigortas\u0131 ve lastik, cam ve far hasarlar\u0131n\u0131 (yaln\u0131zca birini)\u00a0 kapsar.<\/li>\n<\/ul>\n<p><br \/>Er Semih Oto Kiralama ara\u00e7 kiralamayla ilgili soru,\u00f6neri ve taleplerinizi do\u011frudan <strong>info@ersemihotokiralama.com<\/strong> veya <strong>+90 534 694 58 06<\/strong> \u00e7a\u011fr\u0131 merkezimizden bize ula\u015farak iletebilirsiniz.<\/p>\t\t\t\t\t\t\t\t<\/div>\n\t\t\t\t<\/div>\n\t\t\t\t\t<\/div>\n\t\t\t\t<\/div>\n\t\t\t\t<\/div>\n\t\t","protected":false},"excerpt":{"rendered":"<p>Kiralama Ko\u015fullar\u0131 Er Semih Oto Kiralama olarak bizden ara\u00e7 kiralama yapabilmek i\u00e7in kirac\u0131lar\u0131m\u0131z\u0131n, Minimum 21 ya\u015f\u0131n\u0131 doldurmu\u015f olmas\u0131,\u00a0 En az 2 y\u0131ll\u0131k ehliyet sahibi olmas\u0131 (Latin alfabeli olmayan ehliyetlerde, kirac\u0131n\u0131n kendi ehliyetinin yan\u0131nda uluslararas\u0131 ehliyet ibraz\u0131 zorunludur.) Kendi ad\u0131na ge\u00e7erli ( en az 6 ayl\u0131k kullan\u0131lmas\u0131 kayd\u0131yla) kredi kart\u0131na sahip olmas\u0131 gerekmektedir. Ara\u00e7 gruplar\u0131na g\u00f6re yeterli finansal sorgu kriterlerine sahip olmak gerekmektedir. Ara\u00e7 kiralama s\u00fcreleri 24 saatlik s\u00fcre \u00fczerinden hesaplanmaktad\u0131r. Kirac\u0131lar\u0131m\u0131za 24 saatin sonunda 2 saatlik opsiyon sa\u011flanmaktad\u0131r. 2 saate kadar olacak gecikmelerde ek bir \u00fccret yans\u0131t\u0131lmamaktad\u0131r. Ancak, 2 saati a\u015fan gecikmelerde tam kiralama g\u00fcn \u00fccreti olas\u0131 di\u011fer ek hizmetlerle ( koruma paketi, \u00e7ocuk koltu\u011fu, ek s\u00fcr\u00fcc\u00fc v.b.) birlikte yans\u0131t\u0131l\u0131r. Kiralama \u00fccretine muafiyetsiz koruma paketi, KDV ve 500 km\/g\u00fcnl\u00fck s\u0131n\u0131rl\u0131 km kullan\u0131m\u0131 dahildir. Ara\u00e7 kullan\u0131m km limitleri ekonomik, orta ve \u00fcst grup ara\u00e7larda 7 g\u00fcne kadar g\u00fcnl\u00fck 500 km, 8-30 g\u00fcn aras\u0131nda toplam 4000 km ve 30 g\u00fcn \u00fczerindeki her g\u00fcn i\u00e7in g\u00fcnl\u00fck 100 km, Premium grup ara\u00e7larda ise 7 g\u00fcne kadar g\u00fcnl\u00fck 400 km ve 8-30 g\u00fcn aras\u0131nda toplam 3000 km, 30 g\u00fcn \u00fczerindeki her g\u00fcn i\u00e7in g\u00fcnl\u00fck 80 km, Minib\u00fcs s\u0131n\u0131f\u0131ndaki ara\u00e7lar i\u00e7in ise 7 g\u00fcne kadar g\u00fcnl\u00fck 500 km, 8-30 g\u00fcn aras\u0131nda 3500 km ve 30 g\u00fcn \u00fczerindeki her g\u00fcn i\u00e7in g\u00fcnl\u00fck 80 km\u00a0 ile s\u0131n\u0131rland\u0131r\u0131lm\u0131\u015ft\u0131r. Kira s\u00fcresi i\u00e7inde ayl\u0131k km limitlerine ula\u015fmas\u0131 halinde hi\u00e7bir ihbar ve ihtara gerek kalmaks\u0131z\u0131n s\u00f6zle\u015fme kendili\u011finden sona erecektir. Kirac\u0131, ayl\u0131k km s\u0131n\u0131rlar\u0131n\u0131n s\u00f6zle\u015fmede belirlenen s\u00fcreden \u00f6nce dolmas\u0131 durumunda arac\u0131 derhal Er Semih Oto Kiralama\u2019ya\u00a0 iade edece\u011fini ve ara\u00e7 i\u00e7in belirlenen kiralama s\u00fcresinin sonuna kadar i\u015fleyecek t\u00fcm kira bedelini Er Semih Oto Kiralama\u2019ya \u00f6deyece\u011fini pe\u015finen kabul, beyan ve taahh\u00fct eder. Bu maddede belirtilen 1 ay 30 g\u00fcn \u00fczerinden de\u011ferlendirilir. Kilometre s\u0131n\u0131r\u0131n\u0131n dolmas\u0131 ile arac\u0131n Er Semih Oto Kiralama\u2019ya teslimi aras\u0131nda ge\u00e7ecek s\u00fcrede s\u0131n\u0131r\u0131 a\u015fan her km i\u00e7in 3,5 TL+KDV \u00fczerinden hesaplanacak km a\u015f\u0131m bedeli kirac\u0131 taraf\u0131ndan \u00f6denecektir. Bu km a\u015f\u0131m\u0131 nedeniyle do\u011facak bak\u0131m giderlerini de \u00f6deyece\u011fini kirac\u0131 kabul, beyan ve taahh\u00fct eder. Kilometre s\u0131n\u0131r\u0131 kontrat ba\u015f\u0131na de\u011fil, kirac\u0131 baz\u0131nda de\u011ferlendirilir. Ara\u00e7lar\u0131m\u0131zda adil yak\u0131t politikas\u0131 izlenmektedir. Buna g\u00f6re kirac\u0131 arac\u0131n yak\u0131t\u0131n\u0131 ald\u0131\u011f\u0131 seviyede teslim etmekle y\u00fck\u00fcml\u00fcd\u00fcr. Ara\u00e7 dolu depo teslim edilmesine ra\u011fmen eksik yak\u0131tla iade edildi\u011fi taktirde,\u00a0eksik kalan akaryak\u0131t bedelinin en az %30&#8217;u oran\u0131nda hizmet bedeli ile birlikte akaryak\u0131t tutarlar\u0131n\u0131 \u00f6demekle y\u00fck\u00fcml\u00fcd\u00fcr. Yurtd\u0131\u015f\u0131 ikametli ve pasaportlu kirac\u0131lar\u0131m\u0131z, \u00fclkeye giri\u015f yapt\u0131\u011f\u0131n\u0131 g\u00f6sterir resmi makamlarca m\u00fch\u00fcrl\u00fc pasaportlar\u0131n\u0131 ibraz etmesi halinde herhangi bir km s\u0131n\u0131r\u0131 ve kredi kart\u0131 zorunlulu\u011funa tabi de\u011fillerdir. Pasaportlu i\u015flemlerde son giri\u015f m\u00fch\u00fcr tarihi 6 ay\u0131 ge\u00e7memesi gereklidir.\u00a0 Kiralanan ara\u00e7lar yaln\u0131zca T\u00fcrkiye s\u0131n\u0131rlar\u0131 i\u00e7erisinde kullan\u0131labilir. Yurtd\u0131\u015f\u0131na ge\u00e7i\u015f izni yoktur. Ara\u00e7lar\u0131n kirac\u0131ya teslimat\u0131 Er Semih Oto Kiralama \u015fubelerinde yap\u0131lmaktad\u0131r. Terminal d\u0131\u015f\u0131nda yer alan ofislerden yap\u0131lan kiralamalarda misafir, terminalde valeler taraf\u0131ndan kar\u015f\u0131lanarak ofise getirilir ve ofiste ara\u00e7 teslimat\u0131 yap\u0131l\u0131r.\u00a0 Kirac\u0131lar\u0131m\u0131z, kiralad\u0131klar\u0131 arac\u0131, al\u0131\u015f ofisinden farkl\u0131 olarak Er Semih Oto Kiralamaofislerinin bulundu\u011fu farkl\u0131 ofise \u00e7al\u0131\u015fma saatleri i\u00e7erisinde teslim edebilir. Ancak, arac\u0131n al\u0131\u015f ofisinden farkl\u0131 bir lokasyona b\u0131rak\u0131lmas\u0131 halinde al\u0131\u015f ve b\u0131rak\u0131\u015f ofislerine ba\u011fl\u0131 olarak ek, tek y\u00f6n kiralama \u00fccreti ortaya \u00e7\u0131kmaktad\u0131r. Kiralama s\u0131ras\u0131nda kirac\u0131lar\u0131m\u0131zdan ara\u00e7 gruplar\u0131na ba\u011fl\u0131 olarak ayr\u0131ca bloke al\u0131nmaktad\u0131r. Al\u0131nan blokeler kiralama sonras\u0131nda, olas\u0131 ek hizmet \u00f6demesi kontrol edildikten sonra 10 i\u015f g\u00fcn\u00fc i\u00e7erisinde iade edilmektedir. Kirac\u0131lar\u0131m\u0131z gen\u00e7 s\u00fcr\u00fcc\u00fc paketi kullanarak \u00fcst s\u0131n\u0131fa kadar ara\u00e7 kiralama imkan\u0131 sa\u011flayabilir. Gen\u00e7 s\u00fcr\u00fcc\u00fc paketi g\u00fcnl\u00fck ilave \u00fccret kar\u015f\u0131l\u0131\u011f\u0131nda verilmektedir. Yap\u0131lan rezervasyonlar genel kiralama ko\u015fullar\u0131n\u0131n sa\u011flanmas\u0131 halinde teslim edilmektedir. Genel kiralama ko\u015fullar\u0131n\u0131n yerine getirilememesi halinde rezerve edilen ara\u00e7 teslim edilemez. Rezervasyonlar ara\u00e7 grubu garanti edilerek yap\u0131lmaktad\u0131r. Marka, model veya renk garantisi verilmemektedir. Online yap\u0131lan rezervasyonlarda al\u0131nan \u00f6demeler, rezervasyon iptali halinde t\u00fcm\u00fcyle iade edilmektedir. Rezervasyon veya kiralama uzatma talepleri Er Semih Oto Kiralama ofislerinin verece\u011fi onayla ger\u00e7ekle\u015fir. Onay al\u0131nmayan uzatmalar i\u00e7in kiralama \u00fccreti uzatma yap\u0131lan her g\u00fcn i\u00e7in kiralama bedelinin %100 art\u0131r\u0131m\u0131yla \u00fccretlendirilmektedir. Kiralanan ara\u00e7lar\u0131n erken teslimi halinde son 3 g\u00fcn\u00fcn iadesi yap\u0131lmamaktad\u0131r. Rezervasyonla ilgili de\u011fi\u015fiklik taleplerinizi do\u011frudan rezervasyon yapt\u0131\u011f\u0131n\u0131z kanal \u00fczerinden iletmeniz gerekmektedir. Olas\u0131 t\u00fcm rezervasyon de\u011fi\u015fikli\u011fi ya da sorular\u0131 i\u00e7in info@ersemihotokiralama.com veya +90 534 694 58 06 \u00e7a\u011fr\u0131 merkezi numaram\u0131zdan bize ula\u015fabilirsiniz. Kiralama s\u00fcresinde ortaya \u00e7\u0131kabilecek trafik cezalar\u0131, herhangi bir kurumun verdi\u011fi cezalar, HGS-OGS otoyol kullan\u0131m \u00fccretleri, ek hizmetler (k\u0131\u015f lasti\u011fi,ek s\u00fcr\u00fcc\u00fc, \u00e7ocuk koltu\u011fu v.b.) kirac\u0131lar\u0131n \u00f6deme sorumlulu\u011fundad\u0131r. HGS \u00fccretlerinin kiralama s\u00fcresi i\u00e7erisinde yap\u0131lan kullan\u0131m\u0131, %20\u00a0KDV eklenerek hesaplanmaktad\u0131r. Arac\u0131n d\u0131\u015f ve i\u00e7 taraf\u0131nda standart ara\u00e7 temizleme i\u015flemiyle giderilemeyecek derecede \u00e7\u00f6p, kir vs. bulunmas\u0131 halinde arac\u0131n detayl\u0131 temizlik bedeli kirac\u0131ya yans\u0131t\u0131l\u0131r. Kiralanan ara\u00e7lar kirac\u0131dan ba\u015fkas\u0131 taraf\u0131ndan kullan\u0131lamaz. Ancak, ek s\u00fcr\u00fcc\u00fc ilave edilerek arac\u0131n tan\u0131mlanan ki\u015fi taraf\u0131ndan da kullan\u0131m\u0131na imkan verilebilir. Ek s\u00fcr\u00fcc\u00fc ve kirac\u0131dan ba\u015fka bir ki\u015finin arac\u0131 kullanmas\u0131 halinde ortaya \u00e7\u0131kabilecek t\u00fcm hasar v.b. i\u015flemlerden do\u011frudan ve t\u00fcm\u00fcyle kirac\u0131 sorumludur. Herhangi bir koruma paketi al\u0131nsa bile ge\u00e7ersizdir. Kiralanan ara\u00e7 a\u015fa\u011f\u0131daki a\u00e7\u0131klanan \u015fekillerde kullan\u0131lamaz:\u00a0 A\u00e7\u0131k veya gizli bir gelir kar\u015f\u0131l\u0131\u011f\u0131nda yolcu veya mal ta\u015f\u0131nmas\u0131nda,\u00a0 Herhangi bir vas\u0131ta ya da treyleri itmekte veya \u00e7ekmekte,\u00a0 G\u00fcmr\u00fck mevzuat\u0131na ve di\u011fer kanunlara ayk\u0131r\u0131 maddelerin ta\u015f\u0131nmas\u0131nda veya di\u011fer gayri kanuni i\u015flerde,\u00a0 Alkol veya uyu\u015fturucu madde alm\u0131\u015f bir ki\u015fi veya ek s\u00fcr\u00fcc\u00fc olarak belirtilmeyen bir s\u00fcr\u00fcc\u00fc taraf\u0131ndan,\u00a0 Motorlu sporlarda (yar\u0131\u015f, s\u00fcrat tayini, ralli, sa\u011flaml\u0131k ve h\u0131z denemeleri dahil),\u00a0 Vas\u0131taya zarar verecek \u015fekilde ve y\u00fckleme haddini a\u015facak y\u00fck\/ e\u015fya ta\u015f\u0131nmas\u0131nda,\u00a0 Vas\u0131talar\u0131n marka ve modelini dikkate alarak kiralama amac\u0131na uygun olmayan \u015fekilde yer ve \u015fartlarda (arazi, da\u011fl\u0131k arazi, kum, batakl\u0131k, dere yata\u011f\u0131 vs. gibi) ve ama\u00e7lar\u0131 d\u0131\u015f\u0131nda teknik yap\u0131lar\u0131na ve tahamm\u00fcl g\u00fc\u00e7lerine uygun olmayan yer ve yollarda, k\u0131saca ola\u011fan d\u0131\u015f\u0131 ve trafik ko\u015fullar\u0131na uygun olmayan yol \u015fartlar\u0131nda. A\u015fa\u011f\u0131daki durumlar\u0131n herhangi birinde kirac\u0131lar\u0131m\u0131z trafik polisi veya jandarma birimlerinden destek almal\u0131lar: \u00c7ift tarafl\u0131 kazalarda taraf\u0131n\/taraflar\u0131n ehliyet, ruhsat ve trafik sigorta poli\u00e7elerinin fotokopisini veya okunakl\u0131 g\u00f6rselini almak, S\u00fcr\u00fcc\u00fcde ya\u015f k\u00fc\u00e7\u00fckl\u00fc\u011f\u00fc varsa, Olay yeri kazan\u0131n \u015fekli ve bulundu\u011fu yeri ara\u00e7 plakas\u0131 g\u00f6r\u00fcnecek \u015fekilde birden fazla g\u00f6rselini edinmek, Yeterli g\u00fcvenlik \u00f6nlemi almadan arac\u0131 terk etmemek, S\u00fcr\u00fcc\u00fcde ak\u0131l sa\u011fl\u0131\u011f\u0131 ve alkol \u015f\u00fcphesi varsa, S\u00fcr\u00fcc\u00fc belgesiz motorlu ara\u00e7 kullan\u0131yorsa, Kazaya kar\u0131\u015fan ara\u00e7lardan biri resmi plakal\u0131 ise, Kamuya ait e\u015fyada zarar meydana geldiyse, Kazada sadece 3. Ki\u015filere ait e\u015fyalara zarar gelirse, Kazaya kar\u0131\u015fan ara\u00e7lardan birinin Trafik sigortas\u0131 yok ise, Trafik kazas\u0131 \u00f6l\u00fcm ya da yaralanma ile sonu\u00e7lanm\u0131\u015fsa, Kaza olu\u015funda kar\u015f\u0131 s\u00fcr\u00fcc\u00fcyle anla\u015famaman\u0131z halinde Er Semih Oto Kiralama\u2019dan kiralanan ara\u00e7lar muafiyetsiz korumal\u0131 olarak teslim edilmektedir. Muafiyetsiz koruma paketi, kiralama s\u00fcresi i\u00e7erisinde ara\u00e7ta meydana gelebilecek&#8230;<\/p>\n","protected":false},"author":1,"featured_media":0,"parent":0,"menu_order":0,"comment_status":"closed","ping_status":"closed","template":"","meta":{"_kad_post_transparent":"","_kad_post_title":"hide","_kad_post_layout":"fullwidth","_kad_post_sidebar_id":"","_kad_post_content_style":"unboxed","_kad_post_vertical_padding":"hide","_kad_post_feature":"hide","_kad_post_feature_position":"","_kad_post_header":false,"_kad_post_footer":false,"footnotes":""},"class_list":["post-72","page","type-page","status-publish","hentry"],"_links":{"self":[{"href":"https:\/\/ersemihotokiralama.com\/index.php\/wp-json\/wp\/v2\/pages\/72","targetHints":{"allow":["GET"]}}],"collection":[{"href":"https:\/\/ersemihotokiralama.com\/index.php\/wp-json\/wp\/v2\/pages"}],"about":[{"href":"https:\/\/ersemihotokiralama.com\/index.php\/wp-json\/wp\/v2\/types\/page"}],"author":[{"embeddable":true,"href":"https:\/\/ersemihotokiralama.com\/index.php\/wp-json\/wp\/v2\/users\/1"}],"replies":[{"embeddable":true,"href":"https:\/\/ersemihotokiralama.com\/index.php\/wp-json\/wp\/v2\/comments?post=72"}],"version-history":[{"count":11,"href":"https:\/\/ersemihotokiralama.com\/index.php\/wp-json\/wp\/v2\/pages\/72\/revisions"}],"predecessor-version":[{"id":117,"href":"https:\/\/ersemihotokiralama.com\/index.php\/wp-json\/wp\/v2\/pages\/72\/revisions\/117"}],"wp:attachment":[{"href":"https:\/\/ersemihotokiralama.com\/index.php\/wp-json\/wp\/v2\/media?parent=72"}],"curies":[{"name":"wp","href":"https:\/\/api.w.org\/{rel}","templated":true}]}}